the prime factors of 3788?
2, 947
What are the prime factors of 1075?
5, 43
What are the prime factors of 61605?
3, 5, 37
What are the prime factors of 23159?
23159
List the prime factors of 3815.
5, 7, 109
List the prime factors of 7366.
2, 29, 127
List the prime factors of 15905.
5, 3181
List the prime factors of 4177.
4177
What are the prime factors of 15369?
3, 47, 109
List the prime factors of 694.
2, 347
What are the prime factors of 2276?
2, 569
List the prime factors of 4766.
2, 2383
List the prime factors of 110475.
3, 5, 491
List the prime factors of 1402.
2, 701
What are the prime factors of 845?
5, 13
List the prime factors of 1114.
2, 557
List the prime factors of 1902.
2, 3, 317
What are the prime factors of 2803?
2803
List the prime factors of 466.
2, 233
List the prime factors of 2722.
2, 1361
List the prime factors of 4386.
2, 3, 17, 43
What are the prime factors of 1792?
2, 7
List the prime factors of 20241.
3, 13, 173
List the prime factors of 49.
7
What are the prime factors of 178?
2, 89
What are the prime factors of 3003?
3, 7, 11, 13
List the prime factors of 84334.
2, 149, 283
List the prime factors of 10066.
2, 7, 719
What are the prime factors of 62272?
2, 7, 139
List the prime factors of 1564.
2, 17, 23
List the prime factors of 372.
2, 3, 31
List the prime factors of 2326.
2, 1163
What are the prime factors of 74108?
2, 97, 191
List the prime factors of 2327.
13, 179
List the prime factors of 128354.
2, 29, 2213
List the prime factors of 9564.
2, 3, 797
List the prime factors of 5039.
5039
List the prime factors of 239.
239
List the prime factors of 19431.
3, 17, 127
List the prime factors of 7751.
23, 337
List the prime factors of 3131.
31, 101
List the prime factors of 2083.
2083
List the prime factors of 1032.
2, 3, 43
List the prime factors of 2933.
7, 419
What are the prime factors of 71603?
7, 53, 193
List the prime factors of 20205.
3, 5, 449
List the prime factors of 115608.
2, 3, 4817
What are the prime factors of 9219?
3, 7, 439
List the prime factors of 61463.
61463
List the prime factors of 1690.
2, 5, 13
List the prime factors of 3816.
2, 3, 53
List the prime factors of 823.
823
List the prime factors of 2397.
3, 17, 47
List the prime factors of 1160.
2, 5, 29
What are the prime factors of 1532?
2, 383
List the prime factors of 10262.
2, 7, 733
What are the prime factors of 222?
2, 3, 37
List the prime factors of 72730.
2, 5, 7, 1039
What are the prime factors of 14030?
2, 5, 23, 61
List the prime factors of 1351.
7, 193
List the prime factors of 161.
7, 23
List the prime factors of 801.
3, 89
List the prime factors of 976.
2, 61
List the prime factors of 2081.
2081
List the prime factors of 5011.
5011
List the prime factors of 2535.
3, 5, 13
What are the prime factors of 780?
2, 3, 5, 13
What are the prime factors of 39?
3, 13
What are the prime factors of 26875?
5, 43
List the prime factors of 5368.
2, 11, 61
What are the prime factors of 88370?
2, 5, 8837
What are the prime factors of 2049?
3, 683
List the prime factors of 3480.
2, 3, 5, 29
What are the prime factors of 2271?
3, 757
List the prime factors of 3341.
13, 257
List the prime factors of 8169.
3, 7, 389
List the prime factors of 34229.
13, 2633
List the prime factors of 5367.
3, 1789
What are the prime factors of 22351?
7, 31, 103
What are the prime factors of 812?
2, 7, 29
List the prime factors of 71680.
2, 5, 7
What are the prime factors of 60236?
2, 11, 37
What are the prime factors of 374?
2, 11, 17
List the prime factors of 1272.
2, 3, 53
List the prime factors of 75319.
109, 691
List the prime factors of 40859.
7, 13, 449
What are the prime factors of 254?
2, 127
What are the prime factors of 4474?
2, 2237
What are the prime factors of 5273?
5273
List the prime factors of 7175.
5, 7, 41
List the prime factors of 2355.
3, 5, 157
What are the prime factors of 38882?
2, 19441
List the prime factors of 11739.
3, 7, 13, 43
List the prime factors of 3668.
2, 7, 131
What are the prime factors of 78615?
3, 5, 1747
List the prime factors of 143379.
3, 89, 179
List the prime factors of 2434.
2, 1217
What are the prime factors of 3049?
3049
List the prime factors of 107.
107
List the prime factors of 17175.
3, 5, 229
What are the prime factors of 24303?
3, 8101
What are the prime factors of 114830?
2, 5, 11483
List the prime factors of 1358.
2, 7, 97
What are the prime factors of 33686?
2, 16843
List the prime factors of 20282.
2, 10141
What are the prime factors of 2798?
2, 1399
List the prime factors of 662.
2, 331
List the prime factors of 6734.
2, 7, 13, 37
What are the prime factors of 26883?
3, 29, 103
What are the prime factors of 2550?
2, 3, 5, 17
List the prime factors of 46918.
2, 23459
What are the prime factors of 26?
2, 13
List the prime factors of 4988.
2, 29, 43
What are the prime factors of 7574?
2, 7, 541
What are the prime factors of 102888?
2, 3, 1429
List the prime factors of 1479.
3, 17, 29
What are the prime factors of 2604?
2, 3, 7, 31
What are the prime factors of 87331?
23, 3797
List the prime factors of 13012.
2, 3253
What are the prime factors of 440?
2, 5, 11
List the prime factors of 1390.
2, 5, 139
List the prime factors of 21428.
2, 11, 487
What are the prime factors of 504?
2, 3, 7
What are the prime factors of 1118?
2, 13, 43
List the prime factors of 11659.
89, 131
List the prime factors of 48360.
2, 3, 5, 13, 31
List the prime factors of 1210.
2, 5, 11
What are the prime factors of 5241?
3, 1747
List the prime factors of 22919.
13, 41, 43
List the prime factors of 3224.
2, 13, 31
What are the prime factors of 2205?
3, 5, 7
List the prime factors of 172337.
11, 15667
List the prime factors of 3038.
2, 7, 31
List the prime factors of 1105.
5, 13, 17
List the prime factors of 944.
2, 59
What are the prime factors of 21717?
3, 19, 127
List the prime factors of 437.
19, 23
What are the prime factors of 885?
3, 5, 59
What are the prime factors of 4331?
61, 71
List the prime factors of 5857.
5857
What are the prime factors of 114?
2, 3, 19
What are the prime factors of 1685?
5, 337
What are the prime factors of 2285?
5, 457
List the prime factors of 3682.
2, 7, 263
What are the prime factors of 1476?
2, 3, 41
List the prime factors of 9322.
2, 59, 79
List the prime factors of 14568.
2, 3, 607
List the prime factors of 39105.
3, 5, 11, 79
What are the prime factors of 2716?
2, 7, 97
What are the prime factors of 5246?
2, 43, 61
List the prime factors of 342.
2, 3, 19
What are the prime factors of 16659?
3, 617
List the prime factors of 248.
2, 31
List the prime factors of 7129.
7129
List the prime factors of 108861.
3, 131, 277
What are the prime factors of 25791?
3, 8597
List the prime factors of 14867.
14867
List the prime factors of 24153.
3, 83, 97
What are the prime factors of 2837?
2837
What are the prime factors of 1545?
3, 5, 103
What are the prime factors of 10514?
2, 7, 751
List the prime factors of 3916.
2, 11, 89
List the prime factors of 13455.
3, 5, 13, 23
List the prime factors of 5517.
3, 613
List the prime factors of 104606.
2, 193, 271
What are the prime factors of 3187?
3187
What are the prime factors of 104?
2, 13
List the prime factors of 30567.
3, 23, 443
What are the prime factors of 2447?
2447
What are the prime factors of 632?
2, 79
List the prime factors of 621.
3, 23
List the prime factors of 21202.
2, 10601
List the prime factors of 3644.
2, 911
List the prime factors of 138.
2, 3, 23
What are the prime factors of 20286?
2, 3, 7, 23
List the prime factors of 774.
2, 3, 43
What are the prime factors of 12289?
12289
List the prime factors of 1019.
1019
What are the prime factors of 1767?
3, 19, 31
What are the prime factors of 9410?
2, 5, 941
What are the prime factors of 40740?
2, 3, 5, 7, 97
List the prime factors of 96116.
2, 24029
What are the prime factors of 5344?
2, 167
List the prime factors of 2797.
2797
List the prime factors of 15331.
15331
List the prime factors of 1100.
2, 5, 11
What are the prime factors of 113139?
3, 13, 967
What are the prime factors of 6538?
2, 7, 467
List the prime factors of 8423.
8423
List the prime factors of 1326.
2, 3, 13, 17
List the prime factors of 1582.
2, 7, 113
List the prime factors of 595.
5, 7, 17
What are the prime factors of 762?
2, 3, 1